ctors of 2116101?
3, 13, 29, 1871
List the prime factors of 8003684.
2, 13, 149, 1033
What are the prime factors of 10409354?
2, 43, 121039
What are the prime factors of 22226785?
5, 7, 635051
What are the prime factors of 473401?
31, 15271
What are the prime factors of 71241?
3, 23747
List the prime factors of 141667.
141667
List the prime factors of 1304456.
2, 41, 97
List the prime factors of 1216457.
11, 110587
What are the prime factors of 2544975?
3, 5, 11311
List the prime factors of 1528492.
2, 7, 79, 691
List the prime factors of 65203.
65203
What are the prime factors of 31528035?
3, 5, 7, 11, 337
List the prime factors of 1075431.
3, 7, 83, 617
What are the prime factors of 9069775?
5, 11, 13, 43, 59
List the prime factors of 3524323.
11, 43, 7451
List the prime factors of 433278.
2, 3, 24071
What are the prime factors of 174921?
3, 199, 293
List the prime factors of 3974092.
2, 239, 4157
What are the prime factors of 3076618?
2, 23, 66883
What are the prime factors of 3658964?
2, 79, 11579
What are the prime factors of 2740231?
13, 101, 2087
What are the prime factors of 11732222?
2, 859, 6829
What are the prime factors of 1777779?
3, 53, 3727
What are the prime factors of 444866?
2, 19, 23, 509
What are the prime factors of 1322295?
3, 5, 13, 6781
What are the prime factors of 570815?
5, 7, 47, 347
List the prime factors of 23534247.
3, 11, 713159
What are the prime factors of 29897?
7, 4271
What are the prime factors of 319794?
2, 3, 53299
List the prime factors of 502211.
349, 1439
What are the prime factors of 29558227?
37, 798871
List the prime factors of 2238848.
2, 17491
List the prime factors of 2433851.
7, 271, 1283
List the prime factors of 5207151.
3, 17, 102101
What are the prime factors of 66076?
2, 16519
What are the prime factors of 1041139?
11, 94649
What are the prime factors of 4431073?
937, 4729
List the prime factors of 994262.
2, 17, 29243
What are the prime factors of 6008094?
2, 3, 37087
What are the prime factors of 5173683?
3, 31, 55631
What are the prime factors of 142339?
37, 3847
List the prime factors of 165869.
11, 17, 887
List the prime factors of 50267.
7, 43, 167
List the prime factors of 1551316.
2, 13, 29833
What are the prime factors of 409651?
11, 167, 223
What are the prime factors of 1000366?
2, 197, 2539
List the prime factors of 18379073.
1321, 13913
List the prime factors of 9271110.
2, 3, 5, 309037
What are the prime factors of 239698?
2, 119849
List the prime factors of 1358384.
2, 73, 1163
What are the prime factors of 862542?
2, 3, 15973
What are the prime factors of 151440?
2, 3, 5, 631
What are the prime factors of 2466607?
11, 13, 47, 367
List the prime factors of 4588273.
373, 12301
List the prime factors of 328569.
3, 31, 3533
List the prime factors of 285730.
2, 5, 28573
List the prime factors of 157423.
7, 43, 523
What are the prime factors of 1064491?
251, 4241
What are the prime factors of 15919244?
2, 11, 31, 1061
List the prime factors of 755628.
2, 3, 62969
List the prime factors of 1742445.
3, 5, 12907
List the prime factors of 184435.
5, 36887
List the prime factors of 20524272.
2, 3, 41, 10429
What are the prime factors of 723918?
2, 3, 13, 9281
List the prime factors of 736811.
41, 17971
List the prime factors of 8590619.
1901, 4519
List the prime factors of 1370251.
17, 80603
List the prime factors of 259949.
259949
List the prime factors of 1739853.
3, 64439
List the prime factors of 4627617.
3, 29, 43, 1237
List the prime factors of 128637.
3, 14293
What are the prime factors of 156219?
3, 7, 43, 173
What are the prime factors of 262166?
2, 47, 2789
What are the prime factors of 6099687?
3, 11, 61613
List the prime factors of 19498856.
2, 13, 433
List the prime factors of 42682.
2, 21341
What are the prime factors of 5110613?
139, 36767
List the prime factors of 493815.
3, 5, 7, 4703
List the prime factors of 115623.
3, 29, 443
What are the prime factors of 1332885?
3, 5, 17, 5227
List the prime factors of 1547099.
47, 32917
List the prime factors of 1332327.
3, 444109
What are the prime factors of 19899764?
2, 19, 13781
List the prime factors of 934295.
5, 186859
What are the prime factors of 1463307?
3, 487769
List the prime factors of 454954.
2, 17, 13381
What are the prime factors of 16811670?
2, 3, 5, 149, 3761
List the prime factors of 1544665.
5, 308933
List the prime factors of 3428480.
2, 5, 11, 487
List the prime factors of 2673408.
2, 3, 59
List the prime factors of 539875.
5, 7, 617
List the prime factors of 31704600.
2, 3, 5, 53, 997
What are the prime factors of 240218?
2, 11, 61, 179
What are the prime factors of 1308096?
2, 3, 757
What are the prime factors of 879991?
7, 17959
List the prime factors of 3188336.
2, 89, 2239
List the prime factors of 2604021.
3, 7, 124001
List the prime factors of 126811.
211, 601
What are the prime factors of 2211673?
131, 16883
List the prime factors of 214043.
214043
What are the prime factors of 25276650?
2, 3, 5, 7, 19, 181
What are the prime factors of 7132807?
11, 648437
What are the prime factors of 10393141?
11, 53, 17827
What are the prime factors of 29739?
3, 23, 431
What are the prime factors of 177879?
3, 13, 4561
List the prime factors of 23257687.
619, 37573
What are the prime factors of 11742127?
617, 19031
List the prime factors of 291534.
2, 3, 48589
What are the prime factors of 206905?
5, 41381
What are the prime factors of 62370?
2, 3, 5, 7, 11
What are the prime factors of 436773?
3, 41, 53, 67
What are the prime factors of 1243396?
2, 7, 11, 367
List the prime factors of 6369932.
2, 103, 15461
What are the prime factors of 410971?
11, 37361
What are the prime factors of 13791027?
3, 167, 27527
List the prime factors of 269785.
5, 79, 683
What are the prime factors of 6307332?
2, 3, 223, 2357
List the prime factors of 31328331.
3, 17, 547, 1123
What are the prime factors of 133349?
133349
What are the prime factors of 322600?
2, 5, 1613
What are the prime factors of 8539977?
3, 97, 29347
List the prime factors of 172217.
172217
List the prime factors of 245592.
2, 3, 379
What are the prime factors of 3091639?
3091639
What are the prime factors of 4319311?
4319311
What are the prime factors of 13425508?
2, 211, 15907
List the prime factors of 1240420.
2, 5, 109, 569
What are the prime factors of 4150977?
3, 1383659
What are the prime factors of 685405?
5, 7, 19583
List the prime factors of 4136554.
2, 83, 24919
List the prime factors of 1135427.
1135427
List the prime factors of 436537.
29, 15053
List the prime factors of 16336542.
2, 3, 19, 47, 3049
What are the prime factors of 2807035?
5, 7, 11, 23, 317
List the prime factors of 952752.
2, 3, 23, 863
What are the prime factors of 2157532?
2, 13, 41491
What are the prime factors of 2363574?
2, 3, 393929
List the prime factors of 803348.
2, 7, 13, 2207
List the prime factors of 417165.
3, 5, 7, 29, 137
What are the prime factors of 2811334?
2, 37, 37991
What are the prime factors of 176066?
2, 11, 53, 151
What are the prime factors of 9823496?
2, 283, 4339
What are the prime factors of 3281534?
2, 331, 4957
What are the prime factors of 9524151?
3, 7, 13, 29, 401
List the prime factors of 238339.
238339
List the prime factors of 826301.
7, 118043
What are the prime factors of 646389?
3, 71821
List the prime factors of 274062.
2, 3, 45677
What are the prime factors of 35973485?
5, 29, 31, 53, 151
List the prime factors of 19061453.
19061453
What are the prime factors of 14190566?
2, 13, 545791
What are the prime factors of 3404643?
3, 11, 103171
List the prime factors of 9374287.
13, 419, 1721
List the prime factors of 1863932.
2, 7, 66569
List the prime factors of 108443.
17, 6379
What are the prime factors of 26499502?
2, 2237, 5923
List the prime factors of 1299734.
2, 649867
List the prime factors of 8302282.
2, 37, 151, 743
List the prime factors of 1919664.
2, 3, 13331
List the prime factors of 3343831.
3343831
What are the prime factors of 375941?
109, 3449
List the prime factors of 1884046.
2, 61, 15443
What are the prime factors of 535090?
2, 5, 73, 733
What are the prime factors of 2499457?
2499457
What are the prime factors of 15647?
15647
What are the prime factors of 728510?
2, 5, 263, 277
What are the prime factors of 72393?
3, 59,